(p). Let r = 1 + d. What is w(r)?
7
Let r(d) be the second derivative of 0 - 5*d - 1/12*d**4 - 3/2*d**2 + 1/2*d**3. Calculate r(2).
-1
Let l(r) be the third derivative of 1/60*r**5 + 4*r**2 + 0*r - 1/6*r**3 + 0 + 0*r**4. Calculate l(1).
0
Let h(v) = -v**2 + 1. Let u(z) = z. Let d(n) = h(n) + 4*u(n). Give d(4).
1
Let c(v) = v**3 - v**2 - v - 2. Let x = -5 - -5. Suppose x = 3*f - f. Calculate c(f).
-2
Suppose -4*j = j - 3*b - 10, 5*j = -3*b + 10. Let o(q) = 4*q - 3*q + 3*q**2 + 0*q**j. Let g(n) = -n**3 + n**2 - n + 1. Let v be g(0). What is o(v)?
4
Let v(w) = 11*w + 3. Let x(c) = -7*c - 2. Let t(o) = 5*v(o) + 8*x(o). Determine t(-7).
6
Let s(i) = -6*i**3 + i + 10. Let f(g) = g**3 - 1. Let p(j) = 5*f(j) + s(j). Suppose x + 7 = 10. Suppose 0 = x*r - 4*r. What is p(r)?
5
Let y = -1 + 4. Let f be (2 + -2)/y - -2. Suppose 3*b + 4 = f*b. Let s(u) = u**3 + 3*u**2 - 7*u - 6. Determine s(b).
6
Let d(b) = b**2 - 3*b + 2. Let w be d(-3). Let p(m) = -m - 28 + w + 2*m. Calculate p(6).
-2
Let m(b) = 5*b + 26. Let w(a) = a + 5. Let c(h) = -2*m(h) + 11*w(h). Suppose -6*o = -5*t - 3*o, -4*o = 20. Calculate c(t).
0
Let h(a) be the first derivative of a**3/3 + 3*a**2/2 - 3*a + 4. Give h(2).
7
Let s(y) = y + 9. Let h be (-20)/11 + 2 + 360/(-44). Give s(h).
1
Let w(k) = k**2 + 7*k - 10. Let i be w(-9). Let g be (22/(-3))/(i/(-12)). Let c = g + -7. Let y(t) = t**3 - 3*t**2 - 3*t + 3. Give y(c).
7
Let l be 8/10*5/1. Let b(m) = -2*m**2 - m + 3*m + 0*m + m**3 - l*m. Give b(-2).
-12
Suppose 2*y + 4 = -4*n, 2*y + 5*n + 7 = -1. Let i(p) = p - 10. What is i(y)?
-4
Let m(l) = l**2 - 3*l - 1. Let q be m(4). Let s(r) = -3*r**2 - 3*r + 0*r + 0*r + r**3 - 5 + 3. Calculate s(q).
-11
Let o(f) = -2*f**2 - f - 1. Let h(p) = -3*p + 6. Let n be h(3). What is o(n)?
-16
Let l(a) = a**2 + 2*a - 2. Let s be (7 + -7)/(-3 + 0). Let b = -5 + 21. Suppose s = 6*f - 2*f + b. Give l(f).
6
Suppose -4*b - g - g - 16 = 0, 5*g + 5 = -3*b. Let z(h) = -1. Let m(x) = -x - 7. Let f(r) = -m(r) + 5*z(r). Give f(b).
-3
Suppose -6*x - 4 - 8 = 0. Let o(g) be the second derivative of -g**5/20 - g**4/4 + g**3/2 + g**2/2 - 2*g. Determine o(x).
-9
Let a(v) = v**2. Let o(y) = 3*y**3 - 5*y**3 + 9*y**2 - 10*y + 3*y**3. Let i be o(-10). What is a(i)?
0
Let v(b) = -4*b**3 - 3*b + 3. Let l(h) = 3*h**3 + 2*h - 2. Let f be (2 - 1)/((-1)/(-3)). Let o(q) = f*l(q) + 2*v(q). What is o(-1)?
-1
Let d be (-30)/(-9) - 1/3. Let j(o) = o + 2 + o**2 + 0*o + o**d - 2*o. Let z be ((-4)/10)/(2/10). Give j(z).
0
Let z(t) be the first derivative of 3*t**2/2 - 2*t + 2. Calculate z(-3).
-11
Let x = 9 - 11. Let r(p) = -2*p + 1. Calculate r(x).
5
Let m(v) = -6*v**3 + 5*v**2 - v - 1. Let c(z) = z**3 - z**2 - 1. Let t(f) = 5*c(f) + m(f). Suppose 10 = -d + 28. Let j = d + -18. Calculate t(j).
-6
Let z(f) = 3*f**2 + f - 1. Let s(h) = h - 3. Let p be s(-5). Let m = 9 + p. What is z(m)?
3
Let t(q) be the first derivative of q**2/2 + 6*q + 1. Let k be -1 - (-1 + -1 + 3). Let s be 0 - -2 - (-4)/k. Calculate t(s).
6
Let k(r) = -2*r + 7. Suppose -4*l + 14 = 3*n, 0*n = n + 2. Suppose -y = -2*y + o + 10, 0 = y + l*o + 20. Determine k(y).
-3
Let g = 14 - 9. Suppose 0 = -3*u - 0*u + g*i - 14, 3*i = 4*u + 4. Let r(a) = a**3 - a**2 - a. What is r(u)?
2
Let w(g) be the first derivative of g**2/2 - 24. Suppose -5*p = 5*i - 15, 5*i = -p - 3 + 6. Give w(i).
0
Let i(t) = -2*t**3 - 7*t**2 - 3*t - 1. Let h(k) = 3*k**3 + 11*k**2 + 5*k + 1. Let r(f) = 5*h(f) + 8*i(f). Let d(y) = -y**2 - y + 2. Let j be d(1). What is r(j)?
-3
Let m(h) = -3*h + 2 + 0*h + 6*h. Let j(r) = r**3 + 7*r**2 - 9*r - 11. Let c(s) = -3*s + 1. Let t be c(3). Let k be j(t). Calculate m(k).
-7
Let d(k) be the second derivative of k**4/12 + 5*k**3/6 - 7*k**2/2 - 2*k. Give d(-5).
-7
Suppose -5*i = 1 + 4. Let t(v) be the third derivative of v**5/120 + v**4/24 - v**3/6 - 3*v**2. Let d(k) be the first derivative of t(k). Determine d(i).
0
Let z(j) be the third derivative of 2*j**2 + 0*j + 0 - 1/24*j**4 + 1/3*j**3. What is z(2)?
0
Let t(z) = 9*z**2 + 3*z + 1. Let b(u) = -5*u**2 - 2*u. Let r(m) = -7*b(m) - 4*t(m). Calculate r(-3).
-19
Suppose 28*j - 9 = 25*j. Let q(w) be the first derivative of w**3/3 - w**2 + 2*w - 1. What is q(j)?
5
Suppose 0 = 6*i - 42. Let v(l) = l**2 - 5*l - 5. Give v(i).
9
Let a be ((-12)/(-10))/((-8)/(-20)). Let t(c) = 0 + 0*c + 2*c + 3*c**2 - 2 + c**a. Let u(m) = -m. Let f be u(2). What is t(f)?
-2
Let d(a) = 4*a**2 + a. Suppose 5*b - 6 = -1. Let c be ((6/(-3))/2)/b. Give d(c).
3
Let m(y) = y**3 + 2*y**2 + 4. Let n be m(-3). Let k(r) = -3*r + 10. Let w(j) = j - 1. Let x be -2*(-1)/4*10. Let t(i) = x*w(i) + k(i). Calculate t(n).
-5
Let t be (9 - 0)*(-1)/(-3). Suppose 1 - t = z, -10 = -x + 5*z. Let n(q) = -q**2 - 3. Calculate n(x).
-3
Suppose 5*q + 3*w - 1 = 0, 3*q = 2*w + w - 9. Let z = q + 3. Suppose 8 = 4*n - z*l, n + l - 5*l = 2. Let d(f) = 2*f**3 - 3*f**2 + f + 1. Calculate d(n).
7
Let i(n) = -3 + 40*n + 0 - 38*n. Let s be ((-2)/(-6) + -1)*-6. What is i(s)?
5
Suppose -9*c = -14*c + 30. Let g(k) = k**3 - 5*k**2 - 9*k + 6. What is g(c)?
-12
Let y(z) = z**3 + 5*z**2 + 2*z + 6. Suppose 5*t = -4 - 21. Calculate y(t).
-4
Let u(l) = -2*l + 13. Let s(q) = -q + 6. Let j(n) = 9*s(n) - 4*u(n). What is j(-7)?
9
Let q be ((5 - 2) + -3)*-1. Suppose -r = -q*r - 2. Let k(i) = 5*i**2 + 0 - i**3 - i - i**2 + 2. What is k(r)?
8
Let a(o) = o**2 - 11*o + 21*o - 9*o + 3. Determine a(0).
3
Let n(k) = 8*k**2 + k - 2*k - 5 - 7*k**2. Suppose 2*p = 4*p. What is n(p)?
-5
Let h(s) = -6 + 4 + 0 - 4*s. Let u(g) = g**2 + 10*g + 8. Let v be u(-6). Let o be 20/v + (-3)/4. Calculate h(o).
6
Let n(h) be the first derivative of 1/2*h**3 + 0*h - 1/8*h**4 + 1/30*h**5 + 1/2*h**2 - 2. Let w(t) be the second derivative of n(t). Calculate w(2).
5
Suppose 0*u = 3*f - 2*u - 14, 0 = -2*u + 10. Let c be ((-2)/f + 1)*-8. Let a(h) = 2*h + 4. Calculate a(c).
-8
Let g be (-10 + 13)/(3/4). Let r(o) = -2*o + 5. Calculate r(g).
-3
Let k(b) = b + 20. Let v be -4*2 - (4 + -1). Let t be k(v). Let u = t - 4. Let f(c) = c**2 - 7*c + 6. Give f(u).
-4
Let h(u) = -u**2 + u + 1. Suppose -20*y = -21*y - 2. Calculate h(y).
-5
Let a(f) be the first derivative of -3*f**2/2 - f + 44. Give a(-6).
17
Let u be (-6)/4*(-12)/(-9). Let b(f) = -f**3 + 8*f**2 - 6*f - 5. Let g be b(7). Let m(l) = 1 - g - 1 + 3*l**2 + l**3 - 3*l. Calculate m(u).
8
Let r = -1 - 2. Let w(b) = b**2 + 6*b + 3. What is w(r)?
-6
Suppose 2*u + 5*l = 4 + 2, 0 = 4*u + 4*l - 12. Suppose -p - u = 2*p. Let x(y) be the first derivative of 3*y**2/2 - y - 2. Calculate x(p).
-4
Let f be (-3)/((-3)/(-2)) + 5. Let v(p) = -2*p**2 + 5*p**2 + f - 6 + 3*p - p**2. Let n(w) = w**2 - w - 3. Let r be n(0). Determine v(r).
6
Let f = 25 - 30. Let a = -7 - f. Let b(s) = s**3 + 2*s**2 - s - 1. Give b(a).
1
Suppose r = 2*w, w - r = 1 + 1. Let p be -2 - (-15)/(w - -5). Let h(d) = d**2 - 2*d**2 - 4*d**2 - d**p - 4*d - 3. Determine h(-4).
-3
Let b(q) = 23*q**3 + 2*q**2 + 3. Let n(h) = -8*h**3 - h**2 - 1. Let y(p) = 3*b(p) + 8*n(p). Determine y(-1).
-6
Let j = 2 - 0. Let z(q) = 3 + q**3 + 3*q + 2*q**j + 2*q - 2*q. Let h be (6/4)/(12/(-16)). Determine z(h).
-3
Let f be 1 + (-1 - (4 + -8)). Let r(q) = -5 + 6*q - 3*q + 2 - f*q + q**2. Determine r(0).
-3
Let w(x) = x**2 - 2*x - 5. Let a be w(2). Let q(u) = -u - 5. What is q(a)?
0
Let z(y) = -10*y**2 - y. Let a be z(-1). Let o be (-5 - -1) + a/(-3). Let j(w) = 2*w + 1. What is j(o)?
-1
Suppose 0 = -0*a + 2*a - 2. Let x(j) be the first derivative of -j**4/4 + 2*j**3/3 - 2. Give x(a).
1
Let i(o) = -5*o**2 + o. Let r(l) = -l**2 + l + 1. Let d(a) = i(a) - 6*r(a). What is d(6)?
0
Let j = 61 - 56. Let h(b) = -b**3 - b. Let w = 2 + -1. Let g(p) = 5*p**3 + 5*p**2 + 4*p + 6. Let s(o) = w*g(o) + 6*h(o). What is s(j)?
-4
Let c(t) = 7*t - 3. Let n(p) be the second derivative of 3/2*p**2 - p**3 + 0 + p. Let v(f) = 5*c(f) + 6*n(f). What is v(3)?
0
Let m(z) be the third derivative of -3*z**5/20 - z**4/12 - z**3/6 - z**2. Suppose -12 = -w + 5*c - 0*c, -w = 5*c + 8. Suppose w*x = -0*x - 2. Calculate m(x).
-8
Suppose -3*q = 3*k - 0 + 6, 2*q - 4*k - 8 = 0. Let j be 2 - (q + 3) - -3. Let t(m) = 2*m**2 - 2. Determine t(j).
6
Let l(j) = 3*j**3 - j**2 + 2*j - 1. Let k be l(1). Let q(g) = 3 - g**3 + 4*g**2 - 50*g + 26*g + 23*g. Calculate q(k).
9
Let b be 2/(-3) - (-19)/(-3). 